{"id":2,"date":"2021-03-29T13:56:24","date_gmt":"2021-03-29T11:56:24","guid":{"rendered":"https:\/\/grupaunitel.pl\/mx5cup\/?page_id=2"},"modified":"2023-03-10T08:40:02","modified_gmt":"2023-03-10T07:40:02","slug":"o-nas","status":"publish","type":"page","link":"https:\/\/grupaunitel.pl\/mx5cup\/o-nas\/","title":{"rendered":"O nas"},"content":{"rendered":"\n<section class=\"image-text\">\n    <div class=\"container\">\n        <div class=\"row align-items-center\">\n            <div class=\"col-lg-5\">\n                <div class=\"image square\">\n                    <div class=\"content\">\n                    <img loading=\"lazy\" decoding=\"async\" width=\"1420\" height=\"640\" src=\"https:\/\/grupaunitel.pl\/mx5cup\/wp-content\/uploads\/2021\/04\/173898995_183353586940881_6112230050794886962_n.jpg\" class=\"attachment-full size-full\" alt=\"\" srcset=\"https:\/\/grupaunitel.pl\/mx5cup\/wp-content\/uploads\/2021\/04\/173898995_183353586940881_6112230050794886962_n.jpg 1420w, https:\/\/grupaunitel.pl\/mx5cup\/wp-content\/uploads\/2021\/04\/173898995_183353586940881_6112230050794886962_n-300x135.jpg 300w, https:\/\/grupaunitel.pl\/mx5cup\/wp-content\/uploads\/2021\/04\/173898995_183353586940881_6112230050794886962_n-1024x462.jpg 1024w, https:\/\/grupaunitel.pl\/mx5cup\/wp-content\/uploads\/2021\/04\/173898995_183353586940881_6112230050794886962_n-768x346.jpg 768w\" sizes=\"auto, (max-width: 1420px) 100vw, 1420px\" \/>                    <\/div>\n                <\/div>\n            <\/div>\n            <div class=\"col-lg-6 offset-lg-1\">\n                <p>Witamy na stronie po\u015bwi\u0119conej \u015brodkowoeuropejskiemu pucharowi monomarkowemu opartemu na platformie kultowej Mazdy MX-5 ND<\/p>\n<p>Masa poni\u017cej 1000kg, moc niemal 200KM, nap\u0119d RWD, niezawodno\u015b\u0107, czas okr\u0105\u017cenia na Torze Pozna\u0144 1:49. Te parametry m\u00f3wi\u0105 same za siebie!<\/p>\n<p><a class=\"btn btn-primary\" href=\"\/samochod\">Zobacz samoch\u00f3d<\/a><\/p>\n            <\/div>\n        <\/div>\n    <\/div>\n<\/section>\n\n\n<section class=\"text\">\n    <div class=\"container\">\n        <div class=\"row\">\n            <div class=\"col-12\">\n                <p style=\"text-align: center;\">Formu\u0142a pucharu przewiduje cztery weekendy wy\u015bcigowe w ramach WSMP, jeden weekend wsp\u00f3lny z ETRC (European Truck Racing Championship) oraz jeden weekend w ramach ESET Cup.<\/p>\n<p style=\"text-align: center;\"><a class=\"btn btn-primary\" href=\"\/kalendarz\">ZOBACZ KALENDARZ<\/a><\/p>\n<p>&nbsp;<\/p>\n<p style=\"text-align: center;\">Organizatorem i w\u0142a\u015bcicielem Pucharu jest firma UNITEL Motorsport sp. z o.o. w osobie Marcina i Krzysztofa Siadkowskich. Patronat nad ca\u0142ym przedsi\u0119wzi\u0119ciem sprawuje Mazda Motor Poland. W sk\u0142ad zespo\u0142u wchodz\u0105 r\u00f3wnie\u017c Armin Kassai \u2013 pe\u0142ni\u0105cy funkcj\u0119 koordynatora Pucharu, wcze\u015bniej wieloletni organizator KIA Platinum Cup oraz Grzegorz Gac \u2013 odpowiadaj\u0105cy za PR, zawodowo komentator Eurosport, sportowo by\u0142y pilot rajdowy.<\/p>\n<p style=\"text-align: center;\">Aby wzi\u0105\u0107 udzia\u0142 w pucharze potrzebujesz licencji wy\u015bcigowej oraz wyposa\u017cenia kierowcy. Mo\u017cesz wynaj\u0105\u0107 lub zakupi\u0107 jeden z naszych samochod\u00f3w. Masz swobod\u0119 w wyborze zespo\u0142u, kt\u00f3ry b\u0119dzie obs\u0142ugiwa\u0142 Tw\u00f3j samoch\u00f3d.<\/p>\n<p style=\"text-align: center;\">Zawodnicy b\u0119d\u0105 walczy\u0107 o tytu\u0142 Mistrza Polski Wy\u015bcigowych Samochodowych Mistrzostw Polski.<\/p>\n            <\/div>\n        <\/div>\n    <\/div>\n<\/section>","protected":false},"excerpt":{"rendered":"","protected":false},"author":1,"featured_media":0,"parent":0,"menu_order":0,"comment_status":"closed","ping_status":"open","template":"","meta":{"footnotes":""},"class_list":["post-2","page","type-page","status-publish","hentry"],"acf":[],"_links":{"self":[{"href":"https:\/\/grupaunitel.pl\/mx5cup\/wp-json\/wp\/v2\/pages\/2","targetHints":{"allow":["GET"]}}],"collection":[{"href":"https:\/\/grupaunitel.pl\/mx5cup\/wp-json\/wp\/v2\/pages"}],"about":[{"href":"https:\/\/grupaunitel.pl\/mx5cup\/wp-json\/wp\/v2\/types\/page"}],"author":[{"embeddable":true,"href":"https:\/\/grupaunitel.pl\/mx5cup\/wp-json\/wp\/v2\/users\/1"}],"replies":[{"embeddable":true,"href":"https:\/\/grupaunitel.pl\/mx5cup\/wp-json\/wp\/v2\/comments?post=2"}],"version-history":[{"count":1,"href":"https:\/\/grupaunitel.pl\/mx5cup\/wp-json\/wp\/v2\/pages\/2\/revisions"}],"predecessor-version":[{"id":555,"href":"https:\/\/grupaunitel.pl\/mx5cup\/wp-json\/wp\/v2\/pages\/2\/revisions\/555"}],"wp:attachment":[{"href":"https:\/\/grupaunitel.pl\/mx5cup\/wp-json\/wp\/v2\/media?parent=2"}],"curies":[{"name":"wp","href":"https:\/\/api.w.org\/{rel}","templated":true}]}}