{"id":362,"date":"2023-03-10T10:07:56","date_gmt":"2023-03-10T09:07:56","guid":{"rendered":"https:\/\/grupaunitel.pl\/mx5cup\/strona-glowna-english\/"},"modified":"2023-06-14T13:49:46","modified_gmt":"2023-06-14T11:49:46","slug":"home","status":"publish","type":"page","link":"https:\/\/grupaunitel.pl\/mx5cup\/en\/home\/","title":{"rendered":"Home"},"content":{"rendered":"<section class=\"hero\">\n    <div class=\"glide\" id=\"hero\">\n        <div class=\"glide__track\" data-glide-el=\"track\">\n            <ul class=\"glide__slides\">\n                            <li class=\"glide__slide\">\n                    <img loading=\"lazy\" decoding=\"async\" width=\"1280\" height=\"853\" src=\"https:\/\/grupaunitel.pl\/mx5cup\/wp-content\/uploads\/2021\/12\/244453945_289758526300386_6706442103264004567_n.jpg\" class=\"attachment-full size-full\" alt=\"\" srcset=\"https:\/\/grupaunitel.pl\/mx5cup\/wp-content\/uploads\/2021\/12\/244453945_289758526300386_6706442103264004567_n.jpg 1280w, https:\/\/grupaunitel.pl\/mx5cup\/wp-content\/uploads\/2021\/12\/244453945_289758526300386_6706442103264004567_n-300x200.jpg 300w, https:\/\/grupaunitel.pl\/mx5cup\/wp-content\/uploads\/2021\/12\/244453945_289758526300386_6706442103264004567_n-1024x682.jpg 1024w, https:\/\/grupaunitel.pl\/mx5cup\/wp-content\/uploads\/2021\/12\/244453945_289758526300386_6706442103264004567_n-768x512.jpg 768w\" sizes=\"auto, (max-width: 1280px) 100vw, 1280px\" \/>\n                    <div class=\"glide__slide--content d-flex align-items-center justify-content-center\">\n                        <div class=\"glide__slide--text\">\n                            <h1><a href=\"https:\/\/grupaunitel.pl\/mx5cup\/witamy-na-stronach-mazda-mx-5-cup-poland\/\" target=\"_blank\">Witamy na stronach Mazda MX-5 Cup Central Europe!<\/a><\/h1>\n                            <p class=\"description\">Witamy na stronie po\u015bwi\u0119conej polskiej edycji jednego z najbardziej znanych puchar\u00f3w wy\u015bcigowych opartych na platformie Mazda MX-5 ND. <\/p>\n                            <p class=\"cta\"><a href=\"https:\/\/grupaunitel.pl\/mx5cup\/witamy-na-stronach-mazda-mx-5-cup-poland\/\" target=\"_blank\" class=\"btn btn-primary\">PRZEJD\u0179<\/a><\/p>\n                        <\/div>\n                    <\/div>\n                <\/li>\n                                <li class=\"glide__slide\">\n                    <img loading=\"lazy\" decoding=\"async\" width=\"1280\" height=\"853\" src=\"https:\/\/grupaunitel.pl\/mx5cup\/wp-content\/uploads\/2021\/12\/244606570_289758339633738_7552082226225886366_n.jpg\" class=\"attachment-full size-full\" alt=\"\" srcset=\"https:\/\/grupaunitel.pl\/mx5cup\/wp-content\/uploads\/2021\/12\/244606570_289758339633738_7552082226225886366_n.jpg 1280w, https:\/\/grupaunitel.pl\/mx5cup\/wp-content\/uploads\/2021\/12\/244606570_289758339633738_7552082226225886366_n-300x200.jpg 300w, https:\/\/grupaunitel.pl\/mx5cup\/wp-content\/uploads\/2021\/12\/244606570_289758339633738_7552082226225886366_n-1024x682.jpg 1024w, https:\/\/grupaunitel.pl\/mx5cup\/wp-content\/uploads\/2021\/12\/244606570_289758339633738_7552082226225886366_n-768x512.jpg 768w\" sizes=\"auto, (max-width: 1280px) 100vw, 1280px\" \/>\n                    <div class=\"glide__slide--content d-flex align-items-center justify-content-center\">\n                        <div class=\"glide__slide--text\">\n                            <h1><a href=\"https:\/\/grupaunitel.pl\/mx5cup\/strona-glowna\/\" target=\"_blank\">Mazda MX-5 Cup Central Europe<\/a><\/h1>\n                            <p class=\"description\">Masa poni\u017cej 1000kg, moc powy\u017cej 200KM, nap\u0119d RWD.<\/p>\n                            <p class=\"cta\"><a href=\"https:\/\/grupaunitel.pl\/mx5cup\/strona-glowna\/\" target=\"_blank\" class=\"btn btn-primary\">PRZEJD\u0179<\/a><\/p>\n                        <\/div>\n                    <\/div>\n                <\/li>\n                            <\/ul>\n        <\/div>\n        <div class=\"glide__bullets\" data-glide-el=\"controls[nav]\">\n                                        <button class=\"glide__bullet\" data-glide-dir=\"=0\"><\/button>\n                                            <button class=\"glide__bullet\" data-glide-dir=\"=1\"><\/button>\n                                    <\/div>\n    <\/div> \n<\/section>\n\n\n\n<section class=\"image-text\">\n    <div class=\"container\">\n        <div class=\"row align-items-center\">\n            <div class=\"col-lg-5\">\n                <div class=\"image square\">\n                    <div class=\"content\">\n                    <img loading=\"lazy\" decoding=\"async\" width=\"1420\" height=\"640\" src=\"https:\/\/grupaunitel.pl\/mx5cup\/wp-content\/uploads\/2021\/04\/173898995_183353586940881_6112230050794886962_n.jpg\" class=\"attachment-full size-full\" alt=\"\" srcset=\"https:\/\/grupaunitel.pl\/mx5cup\/wp-content\/uploads\/2021\/04\/173898995_183353586940881_6112230050794886962_n.jpg 1420w, https:\/\/grupaunitel.pl\/mx5cup\/wp-content\/uploads\/2021\/04\/173898995_183353586940881_6112230050794886962_n-300x135.jpg 300w, https:\/\/grupaunitel.pl\/mx5cup\/wp-content\/uploads\/2021\/04\/173898995_183353586940881_6112230050794886962_n-1024x462.jpg 1024w, https:\/\/grupaunitel.pl\/mx5cup\/wp-content\/uploads\/2021\/04\/173898995_183353586940881_6112230050794886962_n-768x346.jpg 768w\" sizes=\"auto, (max-width: 1420px) 100vw, 1420px\" \/>                    <\/div>\n                <\/div>\n            <\/div>\n            <div class=\"col-lg-6 offset-lg-1\">\n                <h2>O nas<\/h2>\n<p>Witamy na stronie po\u015bwi\u0119conej \u015brodkowoeuropejskiemu pucharowi monomarkowemu opartemu na platformie kultowej Mazdy MX-5 ND<\/p>\n<p>Masa poni\u017cej 1000kg, moc niemal 200KM, nap\u0119d RWD, niezawodno\u015b\u0107, czas okr\u0105\u017cenia na Torze Pozna\u0144 1:49. Te parametry m\u00f3wi\u0105 same za siebie!<\/p>\n<p><a class=\"btn btn-primary\" href=\"\/samochod\">Zobacz samoch\u00f3d<\/a><\/p>\n            <\/div>\n        <\/div>\n    <\/div>\n<\/section>\n\n\n\n\n<section class=\"icons\">\n    <div class=\"container\">\n        <div class=\"row\">\n            <div class=\"col-12 text-center\">\n                <h2 class=\"section-title\">Tory<\/h2>\n            <\/div>\n        <\/div>\n        <div class=\"row\">\n                            <div class=\"col-lg-4\">\n                    <div class=\"image\">\n                        <img loading=\"lazy\" decoding=\"async\" width=\"261\" height=\"193\" src=\"https:\/\/grupaunitel.pl\/mx5cup\/wp-content\/uploads\/2023\/03\/Tor-Poznan.jpg\" class=\"attachment-full size-full\" alt=\"\" \/>                    <\/div>\n                    <div class=\"text\">\n                        <h5>Tor Pozna\u0144<\/h5>\n<p>d\u0142ugo\u015b\u0107 4083 m. 14 zakr\u0119t\u00f3w, w tym 6 prawych, 8 lewych<\/p>\n                    <\/div>\n                <\/div>\n                            <div class=\"col-lg-4\">\n                    <div class=\"image\">\n                        <img loading=\"lazy\" decoding=\"async\" width=\"1158\" height=\"732\" src=\"https:\/\/grupaunitel.pl\/mx5cup\/wp-content\/uploads\/2023\/03\/Tor-Brno.jpg\" class=\"attachment-full size-full\" alt=\"\" srcset=\"https:\/\/grupaunitel.pl\/mx5cup\/wp-content\/uploads\/2023\/03\/Tor-Brno.jpg 1158w, https:\/\/grupaunitel.pl\/mx5cup\/wp-content\/uploads\/2023\/03\/Tor-Brno-300x190.jpg 300w, https:\/\/grupaunitel.pl\/mx5cup\/wp-content\/uploads\/2023\/03\/Tor-Brno-1024x647.jpg 1024w, https:\/\/grupaunitel.pl\/mx5cup\/wp-content\/uploads\/2023\/03\/Tor-Brno-768x485.jpg 768w\" sizes=\"auto, (max-width: 1158px) 100vw, 1158px\" \/>                    <\/div>\n                    <div class=\"text\">\n                        <h5>Masaryk Circuit Brno<\/h5>\n<p>d\u0142ugo\u015b\u0107 5403 m, 14 zakr\u0119t\u00f3w, w tym 8 prawych i 6 lewych. Przewy\u017cszenie 74 m<\/p>\n                    <\/div>\n                <\/div>\n                            <div class=\"col-lg-4\">\n                    <div class=\"image\">\n                        <img loading=\"lazy\" decoding=\"async\" width=\"480\" height=\"360\" src=\"https:\/\/grupaunitel.pl\/mx5cup\/wp-content\/uploads\/2023\/03\/Slovakia-Ring.jpg\" class=\"attachment-full size-full\" alt=\"\" srcset=\"https:\/\/grupaunitel.pl\/mx5cup\/wp-content\/uploads\/2023\/03\/Slovakia-Ring.jpg 480w, https:\/\/grupaunitel.pl\/mx5cup\/wp-content\/uploads\/2023\/03\/Slovakia-Ring-300x225.jpg 300w\" sizes=\"auto, (max-width: 480px) 100vw, 480px\" \/>                    <\/div>\n                    <div class=\"text\">\n                        <h5>SlovakiaRing<\/h5>\n<p>d\u0142ugo\u015b\u0107 5922 m, 14 zakr\u0119t\u00f3w, w tym 7 prawych i 7 lewych.<\/p>\n                    <\/div>\n                <\/div>\n                    <\/div>\n    <\/div>\n<\/section>\n\n\n<section class=\"cta\">\n    <div class=\"background-inner\" style=\"background-image: url('https:\/\/grupaunitel.pl\/mx5cup\/wp-content\/uploads\/2022\/06\/PK220626-3023.jpg')\"><\/div>\n    <div class=\"container\">\n        <div class=\"row\">\n            <div class=\"col-lg-12\">\n                <p>Masz pytania?<br \/>\nSkontaktuj si\u0119 z nami!<\/p>\n<p><a class=\"btn btn-primary\" href=\"\/kontakt\">KONTAKT<\/a><\/p>\n            <\/div>\n        <\/div>\n    <\/div>\n<\/section>\n\n\n<section class=\"content content__px2\">\n        <div class=\"container\">\n            <h2>Aktualno\u015bci<\/h2>\n            <div class=\"row\">\n                                                                    <div class=\"col-md-3 col-12\">\n                            <article class=\"post-loop\">\n                                <a href=\"https:\/\/grupaunitel.pl\/mx5cup\/sezon-unitel-mazda-mx-5-cup-poland-2022-w-liczbach\/\">\n                                    <div class=\"post-loop__content\">\n                                        <h1>\n                                            Sezon Unitel Mazda MX-5 Cup Poland 2022 w liczbach                                        <\/h1>\n                                        <time>\n                                            30 grudnia 2022                                        <\/time>\n                                    <\/div>\n                                    <div class=\"post-loop_overlay\"><\/div>\n                                    <img decoding=\"async\" src=\"https:\/\/grupaunitel.pl\/mx5cup\/wp-content\/uploads\/2022\/12\/PK220820-4774-768x512.jpg\" alt=\"\">\n                                <\/a>\n                            <\/article>\n                        <\/div>\n                                                <div class=\"col-md-3 col-12\">\n                            <article class=\"post-loop\">\n                                <a href=\"https:\/\/grupaunitel.pl\/mx5cup\/zagraniczna-ekspansja-unitel-mazda-mx-5-cup\/\">\n                                    <div class=\"post-loop__content\">\n                                        <h1>\n                                            Zagraniczna ekspansja Unitel Mazda MX-5 Cup                                        <\/h1>\n                                        <time>\n                                            16 grudnia 2022                                        <\/time>\n                                    <\/div>\n                                    <div class=\"post-loop_overlay\"><\/div>\n                                    <img decoding=\"async\" src=\"https:\/\/grupaunitel.pl\/mx5cup\/wp-content\/uploads\/2022\/12\/PK220930-2883-768x512.jpg\" alt=\"\">\n                                <\/a>\n                            <\/article>\n                        <\/div>\n                                                <div class=\"col-md-3 col-12\">\n                            <article class=\"post-loop\">\n                                <a href=\"https:\/\/grupaunitel.pl\/mx5cup\/nikodem-wierzbicki-mazda-mx-5-to-swietny-samochod-wyscigowy\/\">\n                                    <div class=\"post-loop__content\">\n                                        <h1>\n                                            Nikodem Wierzbicki: Mazda MX-5 to \u015bwietny samoch\u00f3d wy\u015bcigowy                                        <\/h1>\n                                        <time>\n                                            14 pa\u017adziernika 2022                                        <\/time>\n                                    <\/div>\n                                    <div class=\"post-loop_overlay\"><\/div>\n                                    <img decoding=\"async\" src=\"https:\/\/grupaunitel.pl\/mx5cup\/wp-content\/uploads\/2022\/10\/PK220716-0068-768x512.jpg\" alt=\"\">\n                                <\/a>\n                            <\/article>\n                        <\/div>\n                                                <div class=\"col-md-3 col-12\">\n                            <article class=\"post-loop\">\n                                <a href=\"https:\/\/grupaunitel.pl\/mx5cup\/wierzbicki-mistrzem-unitel-mazda-mx-5-cup-2022\/\">\n                                    <div class=\"post-loop__content\">\n                                        <h1>\n                                            Wierzbicki mistrzem Unitel Mazda MX-5 Cup 2022!                                        <\/h1>\n                                        <time>\n                                            3 pa\u017adziernika 2022                                        <\/time>\n                                    <\/div>\n                                    <div class=\"post-loop_overlay\"><\/div>\n                                    <img decoding=\"async\" src=\"https:\/\/grupaunitel.pl\/mx5cup\/wp-content\/uploads\/2022\/10\/PK221001-4492-768x512.jpg\" alt=\"\">\n                                <\/a>\n                            <\/article>\n                        <\/div>\n                                                <div class=\"col-md-3 col-12\">\n                            <article class=\"post-loop\">\n                                <a href=\"https:\/\/grupaunitel.pl\/mx5cup\/czterech-pretendentow-do-tytulu-mistrza-unitel-mazda-mx-5-cup-poland-w-finale-sezonu-2022\/\">\n                                    <div class=\"post-loop__content\">\n                                        <h1>\n                                            Czterech pretendent\u00f3w do tytu\u0142u mistrza Unitel Mazda MX-5 Cup Poland w finale sezonu 2022                                        <\/h1>\n                                        <time>\n                                            29 wrze\u015bnia 2022                                        <\/time>\n                                    <\/div>\n                                    <div class=\"post-loop_overlay\"><\/div>\n                                    <img decoding=\"async\" src=\"https:\/\/grupaunitel.pl\/mx5cup\/wp-content\/uploads\/2022\/10\/PK220715-9911-768x512.jpg\" alt=\"\">\n                                <\/a>\n                            <\/article>\n                        <\/div>\n                                                <div class=\"col-md-3 col-12\">\n                            <article class=\"post-loop\">\n                                <a href=\"https:\/\/grupaunitel.pl\/mx5cup\/133-2\/\">\n                                    <div class=\"post-loop__content\">\n                                        <h1>\n                                            Palusko i Wierzbicki najlepsi w pogodowej ruletce w Mazda MX-5 Cup                                        <\/h1>\n                                        <time>\n                                            22 sierpnia 2022                                        <\/time>\n                                    <\/div>\n                                    <div class=\"post-loop_overlay\"><\/div>\n                                    <img decoding=\"async\" src=\"https:\/\/grupaunitel.pl\/mx5cup\/wp-content\/uploads\/2022\/08\/PK220820-5074-768x512.jpg\" alt=\"\">\n                                <\/a>\n                            <\/article>\n                        <\/div>\n                                                <div class=\"col-md-3 col-12\">\n                            <article class=\"post-loop\">\n                                <a href=\"https:\/\/grupaunitel.pl\/mx5cup\/unitel-mazda-mx-5-cup-poland-pierwszy-raz-za-granica\/\">\n                                    <div class=\"post-loop__content\">\n                                        <h1>\n                                            Unitel Mazda MX-5 Cup Poland pierwszy raz za granic\u0105                                        <\/h1>\n                                        <time>\n                                            18 sierpnia 2022                                        <\/time>\n                                    <\/div>\n                                    <div class=\"post-loop_overlay\"><\/div>\n                                    <img decoding=\"async\" src=\"https:\/\/grupaunitel.pl\/mx5cup\/wp-content\/uploads\/2022\/08\/PK220715-9672-768x512.jpg\" alt=\"\">\n                                <\/a>\n                            <\/article>\n                        <\/div>\n                                                <div class=\"col-md-3 col-12\">\n                            <article class=\"post-loop\">\n                                <a href=\"https:\/\/grupaunitel.pl\/mx5cup\/wierzbicki-najlepszy-w-sloncu-i-w-deszczu\/\">\n                                    <div class=\"post-loop__content\">\n                                        <h1>\n                                            Wierzbicki najlepszy w s\u0142o\u0144cu i w deszczu                                        <\/h1>\n                                        <time>\n                                            19 lipca 2022                                        <\/time>\n                                    <\/div>\n                                    <div class=\"post-loop_overlay\"><\/div>\n                                    <img decoding=\"async\" src=\"https:\/\/grupaunitel.pl\/mx5cup\/wp-content\/uploads\/2022\/07\/294782127_467936301815940_6598072582322553581_n-768x512.jpg\" alt=\"\">\n                                <\/a>\n                            <\/article>\n                        <\/div>\n                                                            <div class=\"col-12 text-center\">\n                    <a href=\"\/kategoria\/aktualnosci\" target=\"\" class=\"btn btn-primary\">WI\u0118CEJ<\/a>\n                <\/div>\n            <\/div>\n        <\/div>\n    <\/section>","protected":false},"excerpt":{"rendered":"","protected":false},"author":4,"featured_media":0,"parent":0,"menu_order":0,"comment_status":"closed","ping_status":"closed","template":"","meta":{"footnotes":""},"class_list":["post-362","page","type-page","status-publish","hentry"],"acf":[],"_links":{"self":[{"href":"https:\/\/grupaunitel.pl\/mx5cup\/wp-json\/wp\/v2\/pages\/362","targetHints":{"allow":["GET"]}}],"collection":[{"href":"https:\/\/grupaunitel.pl\/mx5cup\/wp-json\/wp\/v2\/pages"}],"about":[{"href":"https:\/\/grupaunitel.pl\/mx5cup\/wp-json\/wp\/v2\/types\/page"}],"author":[{"embeddable":true,"href":"https:\/\/grupaunitel.pl\/mx5cup\/wp-json\/wp\/v2\/users\/4"}],"replies":[{"embeddable":true,"href":"https:\/\/grupaunitel.pl\/mx5cup\/wp-json\/wp\/v2\/comments?post=362"}],"version-history":[{"count":0,"href":"https:\/\/grupaunitel.pl\/mx5cup\/wp-json\/wp\/v2\/pages\/362\/revisions"}],"wp:attachment":[{"href":"https:\/\/grupaunitel.pl\/mx5cup\/wp-json\/wp\/v2\/media?parent=362"}],"curies":[{"name":"wp","href":"https:\/\/api.w.org\/{rel}","templated":true}]}}