{"id":48,"date":"2021-04-08T13:36:16","date_gmt":"2021-04-08T11:36:16","guid":{"rendered":"https:\/\/grupaunitel.pl\/mx5cup\/?page_id=48"},"modified":"2023-03-15T09:49:39","modified_gmt":"2023-03-15T08:49:39","slug":"dla-zawodnikow","status":"publish","type":"page","link":"https:\/\/grupaunitel.pl\/mx5cup\/dla-zawodnikow\/","title":{"rendered":"Dla zawodnik\u00f3w"},"content":{"rendered":"\n<section class=\"text\">\n    <div class=\"container\">\n        <div class=\"row\">\n            <div class=\"col-12\">\n                <h2>Co potrzeba, aby wystartowa\u0107:<\/h2>\n<p>1. Licencja wy\u015bcigowa<br \/>\n2. Homologowane wyposa\u017cenie osobiste kierowcy wy\u015bcigowego<br \/>\n3. Mo\u017cesz od nas kupi\u0107 lub wynaj\u0105\u0107 samoch\u00f3d na sezon<br \/>\n4. Znale\u017a\u0107 zesp\u00f3\u0142 lub warsztat, kt\u00f3ry zajmie si\u0119 obs\u0142ug\u0105 Twojego samochodu podczas rund Pucharu<\/p>\n            <\/div>\n        <\/div>\n    <\/div>\n<\/section>\n\n\n<div style=\"height:25px\" aria-hidden=\"true\" class=\"wp-block-spacer\"><\/div>\n\n\n\n<section class=\"text\">\n    <div class=\"container\">\n        <div class=\"row\">\n            <div class=\"col-12\">\n                <h2>Co zapewniamy:<\/h2>\n<p>1. Wpisowe<br \/>\n2. Opony slick (26 sztuk na sezon) i wet marki HANKOOK<br \/>\n3. Namiot i komplet felg do wynaj\u0119tego lub zakupionego samochodu<br \/>\n4. Opiek\u0119 koordynatora<br \/>\n5. Casualow\u0105 odzie\u017c pucharow\u0105<br \/>\n6. Powierzchni\u0119 reklamow\u0105 na samochodzie<br \/>\n7. Namiot hospitality z cateringiem<br \/>\n8. Obs\u0142ug\u0119 i opiek\u0119 multimedialn\u0105 (dzia\u0142ania PR, komunikaty prasowe, social media, serwer z nieograniczonym dost\u0119pem do materia\u0142\u00f3w foto i wideo)<br \/>\n9. Nagrody za sezon od sponsor\u00f3w<br \/>\n10. Walk\u0119 o tytu\u0142 Mistrza Polski WSMP<br \/>\n11. Mo\u017cliwo\u015b\u0107 okazyjnego zakupu dodatkowych opon na potrzeby treningu<\/p>\n            <\/div>\n        <\/div>\n    <\/div>\n<\/section>\n\n\n<section class=\"downloads\">\n    <div class=\"container\">\n        <div class=\"row\">\n            <div class=\"col-12 text-center\">\n               <h2>Dokumenty do pobrania<\/h2>\n            <\/div>\n        <\/div>\n        <div class=\"row\">\n                        <div class=\"col-lg-3\">\n                <a href=\"https:\/\/grupaunitel.pl\/mx5cup\/wp-content\/uploads\/2023\/03\/Oferta-2023-MX-5-Cup-Central-Europe.pdf\" target=\"_blank\">\n                    <i class=\"fas fa-file-download\"><\/i>\n                    <span>Oferta 2023 MX-5 Cup Central Europe<\/span>\n                <\/a>\n            <\/div>\n                    <\/div>\n    <\/div>\n<\/section>","protected":false},"excerpt":{"rendered":"","protected":false},"author":1,"featured_media":0,"parent":0,"menu_order":0,"comment_status":"closed","ping_status":"closed","template":"","meta":{"footnotes":""},"class_list":["post-48","page","type-page","status-publish","hentry"],"acf":[],"_links":{"self":[{"href":"https:\/\/grupaunitel.pl\/mx5cup\/wp-json\/wp\/v2\/pages\/48","targetHints":{"allow":["GET"]}}],"collection":[{"href":"https:\/\/grupaunitel.pl\/mx5cup\/wp-json\/wp\/v2\/pages"}],"about":[{"href":"https:\/\/grupaunitel.pl\/mx5cup\/wp-json\/wp\/v2\/types\/page"}],"author":[{"embeddable":true,"href":"https:\/\/grupaunitel.pl\/mx5cup\/wp-json\/wp\/v2\/users\/1"}],"replies":[{"embeddable":true,"href":"https:\/\/grupaunitel.pl\/mx5cup\/wp-json\/wp\/v2\/comments?post=48"}],"version-history":[{"count":0,"href":"https:\/\/grupaunitel.pl\/mx5cup\/wp-json\/wp\/v2\/pages\/48\/revisions"}],"wp:attachment":[{"href":"https:\/\/grupaunitel.pl\/mx5cup\/wp-json\/wp\/v2\/media?parent=48"}],"curies":[{"name":"wp","href":"https:\/\/api.w.org\/{rel}","templated":true}]}}